 11
-1
What is the value of -11 - (-6 + (-6 - 1))?
2
Evaluate (5 - (-6 - -5)) + 2 - 3.
5
(0 - -1) + (1 - -7) + -4
5
Calculate (-2 - -14) + (21 - 26).
7
Calculate 1 + (-5 - -1) - (1 + 0).
-4
What is -4 + (2 - (2 - (2 + -3)))?
-5
What is the value of -1 + 0 + -4 + 3?
-2
Evaluate 3 + 3 + -5 - (0 - -1).
0
(1 - 3) + -1 + -1 - -2
-2
-6 + -2 + (-32 - -37)
-3
Evaluate -11 - -9 - (0 + 3).
-5
Calculate 2 + ((5 - 3) + -3 - 0).
1
Evaluate 6 - (7 + (-6 - 2)).
7
Calculate -4 + (-2 - (0 + -5)) - -2.
1
Evaluate 12 + -16 + 3 + 2.
1
-1 - -1 - (3 + -7)
4
What is -6 + -5 + 8 + 1 + 6?
4
What is the value of 2 - (2 - (-1 + 1 + -4))?
-4
Calculate 3 + (-6 - -4) - 2 - 1.
-2
What is the value of -10 + 4 + 8 + 3?
5
(6 + 11 - 17) + 0 + 1
1
Evaluate (10 + 18 - 11) + -6 + 0.
11
Calculate (2 + -6 - -1) + -1 - -9.
5
Evaluate (273 - 277) + 0 + 8 + -1.
3
What is (-1 - (-2 + 5)) + 0 - 0?
-4
What is the value of 0 + -10 + -3 + 5?
-8
Evaluate (-7 - 0) + (4 - 6 - -4).
-5
What is 6 + -13 + 1 - -1?
-5
What is 2 + -3 - (-2 + (2 - 4))?
3
Calculate -3 + (4 - (-5 + (12 - 3))).
-3
Calculate -7 - (3 + 6 - 14).
-2
Evaluate 4 + 8 + -12 - -5.
5
What is the value of 7 + (3 - 4) + -7?
-1
Evaluate (6 - 1) + -1 - (19 - 14).
-1
What is (-4 - (-2 - 2)) + 2?
2
What is the value of (-2 - -8 - (-12 + 17)) + 5?
6
Evaluate 5 + (2 - (5 - 4)) - 5.
1
What is the value of 9 + -7 + 0 + 3?
5
Calculate 4 + (-2 - 5 - -6) + -11.
-8
Evaluate -4 + (8 - 1 - (-3 + 15)).
-9
Evaluate 0 + -4 + (0 - -5).
1
What is 3 + 0 + 3 + -5 + -6?
-5
What is the value of 126 + -117 - (2 - -4)?
3
Evaluate 2 - (-1 + 1) - (0 + 1).
1
What is the value of -4 + (1 - (-5 + (-3 - -8)))?
-3
-6 - -3 - (0 - -3 - -2)
-8
(-8 - (3 - 6)) + 4 + -3
-4
What is the value of (-5 - -1) + -4 + 11 + -3?
0
-4 - -3 - (1 - 5) - 6
-3
(18 - 5) + -11 + 3
5
0 - (-2 + 4 - (-8 + 14))
4
Calculate (-3 - (-1 + 1 - 4)) + -6.
-5
What is -1 + (-3 - (0 + 1 + -5))?
0
4 + (1 - 2 - -2)
5
What is the value of -7 + (-6 - 1) + 11?
-3
What is the value of (1 - -18) + 62 + -76?
5
What is the value of 0 - (4 + -4 + 2)?
-2
Calculate 15 + -16 + -1 + -2.
-4
What is 6 - 1 - -1 - (-20 + 23)?
3
Calculate (-2 - -7 - 5) + 2 + 2.
4
What is the value of 11 + -6 + 11 + -11?
5
Calculate (7 - 5) + (-2 + 3 - 2).
1
Evaluate (-6 - -1) + (-2 - (-1 + -1)).
-5
Evaluate (-4 - (-3 + (2 - 3))) + -2.
-2
Calculate -7 + (9 - (2 - 4) - 8).
-4
Calculate 11 - -4 - 10 - (-2 - -1).
6
What is the value of -4 + (0 - (3 - -1)) + 5?
-3
Calculate 10 + -25 + (9 - -3).
-3
-1 + (5 + -3 - -3)
4
Calculate (-7 - -8) + -2 + 5.
4
Evaluate 3 + (0 - 6) - -3.
0
6 + (-15 - -7) + 5
3
What is the value of 8 + -21 - -5 - (-7 + 0)?
-1
Evaluate 75 + -67 - (6 + 0).
2
Evaluate 8 + 7 + -24 - (5 - 7).
-7
What is -1 + 2 + -4 + 4?
1
What is (-2 - (-1 - 0)) + -34 + 35?
0
Evaluate -4 - (17 - 14) - (1 - 1).
-7
Evaluate 5 - (5 + (-6 - -5)).
1
What is the value of -3 + (-4 - -3 - -1)?
-3
What is 3 + (8 - (-4 + 21))?
-6
Calculate -10 + 5 - ((-2 - -3) + 0).
-6
Calculate -5 + ((23 - 0) + -3 - 6).
9
Calculate 2 + 4 + -5 + -1 + -2.
-2
What is 4 - 10 - (-14 + 2) - 7?
-1
0 + (-14 - -8) - -17
11
What is the value of -3 - (-2 - 2) - -3?
4
Evaluate 9 - (-1 - -3) - (9 - 12).
10
Evaluate 7 - (-6 - -2) - 6.
5
What is the value of 7 + 0 - (15 - (4 - -3))?
-1
What is the value of 0 + (-2 + 3 - (-1 + -2))?
4
What is 5 + -9 + -1 - (-1 + -2)?
-2
Evaluate (4 - 3 - 2) + (4 - -2).
5
What is 3 + -7 + 5 + -4?
-3
7 + -3 + 2 - (-76 - -76)
6
Calculate -7 + (6 - (5 + -11 + 10)).
-5
What is the value of (12 - 8) + (-4 - 4)?
-4
Calculate 4 - (3 + -5 - -8).
-2
What is -4 + 13 - 8 - -1?
2
What is -1 - -1 - (-6 - -4 - -4)?
-2
Calculate (2 - (2 - (1 + -5))) + 3.
-1
What is the value of (-3 - 0) + 9 + -9?
-3
Calculate -4 + 1 + (5 - 5).
-3
What is the value of 4 + -13 + 2 + 7?
0
Evaluate -2 - 0 - -2 - (86 - 85).
-1
5 - ((2 + -2 - -8) + -13)
10
What is the value of (-3 - -11 - 0) + -7?
1
Calculate 34 - 26 - (9 + -2).
1
What is the value of -4 + 2 + 6 - (-1 + 0)?
5
0 + -12 + 22 - 10
0
-1 - -1 - (3 + -1 + 2)
-4
What is -2 + 7 + -6 - -4?
3
Evaluate 4 + (4 - 12) + 4 + 2.
2
What is -5 + (-1 - -6) - -4?
4
Evaluate 14 - -2 - (-32 - -42).
6
Calculate (-8 - -5) + (-3 - -2).
-4
What is 0 - (2 - (-1 + -1))?
-4
What is 6 + (-14 - -9) + (-1 - -5)?
5
Evaluate (-6 - (-3 + -2)) + (-2 - -6).
3
(0 - 4) + 0 + 7 + -3
0
4 + (-2 - 0 - 2)
0
Calculate -7 + 4 + (-2 - -1 - 1).
-5
What is the value of -1 + -1 - (-22 + 13)?
7
-7 - -1 - (0 + 4 + -4)
-6
What is the value of 8 + -4 + -2 + -3 + -1?
-2
Evaluate 2 + 19 + -14 + 1 + -6.
2
(2 - 5) + 2 + (4 - 4)
-1
-2 - -4 - 6 - (-2 + -5)
3
What is 5 - (1 + -5 + (6 - 1))?
4
What is 8 - 12 - (1 - 10)?
5
Calculate 2 + (-6 - (-7 + 3 + 1)).
-1
(2 - 0) + 2 - (-8 + 9)
3
Evaluate 1 + -2 + (4 + -9 - -7).
1
What is -2 + (-1 + 0 - (-4 + 2))?
-1
What is 8 + (-2 - (4 + -2))?
4
-1 + 4 + 0 + -2 + -4
-3
What is the value of 2 - (6 + -9) - -2?
7
Evaluate 3 + -4 - (-3 + -2).
4
Calculate 7 - ((-1 - 6) + 11).
3
What is the value of (-8 - -2) + (-2 - -2) + 4?
-2
Calculate (43 - 36) + 1 + -5 + -1.
2
Evaluate -6 + 8 - (-1 - 4).
7
0 + 5 + -7 + -1 + 0
-3
Evaluate (-9 - -8) + (10 - 3).
6
Evaluate 3 - -2 - (1 - -5 - 6).
5
What is -1 + -1 + -12 + 10?
-4
Evaluate 0 + 0 - (7 - 4).
-3
What is -6 + 9 - (-3 - -7)?
-1
Evaluate 17 + -11 + -1 - 5.
0
-36 - -30 - (0 + -4)
-2
What is 1 + 14 - (-12 + 22)?
5
Evaluate -6 + 3 + 4 - -6.
7
Evaluate 4 + -8 - -2 - -3.
1
What is the value of -6 + 0 + 8 + (2 - -2)?
6
2 + 1 - (-2 + 3 + 3)
-1
What is (1 - 4) + (-4 - -9) - 0?
2
Calculate -20 + 8 + 14 - (-7 + 2).
7
Evaluate 56 - 50 - (0 - (1 + -2)).
5
Evaluate (5 - -1) + (-19 - (-15 - 0)).
2
Evaluate (1 - 0 - (-1 + -1)) + 2.
5
-2 - 2 - (-1 - (1 + 1))
-1
What is the value of 8 + (-2 - 4) + (-1 - -1)?
2
(-5 + 8 - 7) + 2
-2
12 - 11 - (-13 + 6)
8
Evaluate 8 + -1 + 1 + 9 + -14.
3
What is 7 - (-12 + 5 - -17)?
-3
What is 5 - (-5 - (2 + -17))?
-5
What is 7 + -3 + -6 + 8?
6
Calculate (1 - 5) + -1 + 7.
2
What is the value of (-11 - 1) + 4 - -5?
-3
Evaluate 6 + 4 + -22 + (6 - 1).
-7
What is the value of (-1 - (3 + 3)) + 8?
1
What is the value of 2 + (0 - -6) + 3 + -2?
9
Evaluate 8 - (2 - -8) - (-12 - -4).
6
Evaluate (-14 - -17) + (-1 - 2) - 7.
-7
Calculate 0 + 10 - (13 - (19 - 10)).
6
(-1 + 0 - 2) + 5
2
What is 12 + (23 + -29 - (-1 + 1))?
6
What is -5 + (12 - 3) + 2?
6
-6 + (-3 - (-5 - -1)) + 0
-5
Evaluate 4 + -10 + (2 - 4 - -12).
4
What is 5 + 9 + -5 + -14?
-5
Calculate -7 + (4 - 7) + 12.
2
-7 + (-3 - (3 + -10))
-3
What is 6 + 0 - (-30 - -39)?
-3
What is 6 - (-4 - -6) - 9?
-5
Evaluate 0 - (-4 - -11 - 3).
-4
-2 + (8 - 3) + 3
6
What is the value of -6 - (-6 + (5 - 8)) - 1?
2
Evaluate -7 - (-2 - (1 - (-3 - -2))).
-3
Evaluate -2 + 1 - 3 - -6.
2
0 + (2 - 2) + -7 + 12
5
Calculate -8 - (-15 - 1) - 7.
1
What is the value of (-1 - -1 - 2 - -3) + 1?
2
Calculate 3 - -2 - 12 - (0 + -4).
-3
Evaluate (0 - -3) + (5 - (11 - 5)).
2
Evaluate -1 + -6 + (2 - (0 + -2)).
-3
What is 4 - (0 - (4 + -5) - -4)?
-1
-9 - ((-21 - 0) + 10)
2
What is the value of -5 + 16 + -17 - (-6 + -1)?
1
4 + -11 + 4 + 1
-2
What is the value of 8 - (1 + -3 + 7)?
3
Calculate (2 - -12) + -6 + -6.
2
Calculate 0 + 1 + -3 + 4 + 2.
4
Evaluate 7 - (-7 + 1 - (47 - 54)).
6
What is 3 + (2 + -1 - 4)?
0
What is the value of 2 - (-2 + 7 + -3)?
0
Calculate -3 + 0 + 2 + (-46 - -44).
-3
Calculate -2 + -1 + 3 + 1 - 1.
0
What is the value of (-2 + -2 - -5) + 2?
3
What is (4 - 2) + -3 - (-13 + 15)?
-3
1 - (-4 - -4) - 2
-1
What is (-1 - 3) + 0 - -4?
0
What is 0 + 3 + -1 + 2?
4
Evaluate -2 + -4 + 17 + -5 - 6.
0
What is (1 - -2) + (-2 - -3) + -3?
1
What is the value of (2 + -3 - -3) + 2 - 7?
-3
Calculate 1 - -1 - (-5 + (2 - -10)).
-5
Calculate 4 + -1 + 0 + -13 + 13.
3
Evaluate -1 + 5 + (-1 - -1).
4
What is 7 + -13 + -3 - -2?
-7
What is the value of 2 + 3 + -2 + -2 + -7?
-6
Calculate 1 + (36 - 29 - (1 + 9)).
-2
What is the value of 6 - (4 - (-7 - -3))?
-2
-3 + 7 + -1 + -2
1
What is the value of -17 + 7 - (-7 + -3)?
0
Calculate -4 + 1 - 2 - -3.
-2
Evaluate 0 + 1 - (0 - -2).
-1
What is -2 - -1 - (-7 + 6 - 4)?
4
Evaluate -6 + (-5 - -20) + -6.
3
-1 - (2 + 1 + -4)
0
Evaluate -6 + -1 - (-31 + (4 - -12)).
8
(-2 - -1) + (9 - (7 - -1))
0
What is 5 + -5 + 8 + -5?
3
What is 7 + -4 + -1 + 1?
3
Evaluate -3 + (-7 + 1 - -19 - 6).
4
6 + (28 - 31 - (6 - 2))
-1
Evaluate (2 - 0) + (6 + -11 - -3).
0
What i